et m(l) = -l**2 + 25*l + 55. List the prime factors of m(19).
13
Let r(m) = m**3 - 3*m**2 - 6*m + 13. What are the prime factors of r(4)?
5
Let q = 0 - 0. Suppose 2*o + 10 = -4*g, o + 5*g = -q*o - 8. Let h = 3 - o. What are the prime factors of h?
2, 3
Let z be 5/(-2)*24/(-15). Let a = 89 - 19. Suppose -a = -z*w - w. What are the prime factors of w?
2, 7
Let r(o) = -o**3 - 7*o**2 - 8*o - 6. List the prime factors of r(-6).
2, 3
Let w(q) = -q**3 - 5*q**2 + 9*q - 9. What are the prime factors of w(-7)?
2, 13
Let q be 2 + 1 - (-17 - 1). Let b be (-1 + 1)/((-2)/(-2)). Suppose b = -4*m + q + 3. What are the prime factors of m?
2, 3
Suppose 0 = 4*g - 3*z - 33, -z + 2*z + 3 = 0. List the prime factors of (4/g)/(18/459).
17
List the prime factors of 196 + 1 + (8 - 5).
2, 5
Let u(w) = 8*w**2 - 3*w - 4. List the prime factors of u(-3).
7, 11
Let t = 7 + -1. Let i(y) = -y**2 + 6*y + 6. What are the prime factors of i(t)?
2, 3
Suppose -156 + 541 = 5*s. What are the prime factors of s?
7, 11
Suppose 5*s = 2*z - 139, 2*z - 2*s - 2*s - 134 = 0. List the prime factors of z.
3, 19
Suppose 25 = 4*f + f, 2*x + 4*f - 14 = 0. List the prime factors of (-22)/x - 10/(-15).
2
Suppose 0 = -0*i - 5*i - 55. Suppose 0 = -2*g - 4*o + 6, -4*g - 2*o = 2*o - 12. Let l = g - i. What are the prime factors of l?
2, 7
Let n(p) = 2*p**2 - 3*p. Let h(r) = 2*r**2 - 3*r - 1. Let v(g) = -3*h(g) + 4*n(g). List the prime factors of v(3).
2, 3
Suppose 3*h + 2*b = -0*h + 114, 4*h + 5*b - 152 = 0. Suppose 2*m - h = -6. List the prime factors of m.
2
Suppose -3*r + 135 = -654. List the prime factors of r.
263
Suppose -3*c + 5*l = 3*l - 55, 3*l - 15 = -2*c. What are the prime factors of c?
3, 5
Suppose 2*n = -2*n - 4*u, -2*n - u + 3 = 0. Suppose -3*c = -n*k + k - 21, 2*k - 9 = -3*c. List the prime factors of c.
5
Let c(o) = -3*o + 5. Let h = -15 - -11. What are the prime factors of c(h)?
17
Let m = 115 + 76. List the prime factors of m.
191
Suppose -2*h - 3*h = 2*o - 344, -4*o = 4*h - 268. List the prime factors of h.
2, 5, 7
Let f(w) = 2*w + w**2 + 5*w**2 - 5*w**2. List the prime factors of f(-3).
3
Let f = 159 - -75. What are the prime factors of f?
2, 3, 13
Suppose -5*m + 1 + 9 = 0. Let r be m*(14/(-4) - -1). What are the prime factors of ((-35)/(-2))/r*-4?
2, 7
Suppose 3*f - 610 - 56 = -3*j, 0 = -j - 5*f + 242. Suppose 5*d = -5*t - 675, -4*d - 5*t - 325 = j. List the prime factors of (-2)/(-8) + d/(-28).
5
Let i be (108/30)/(1/(-5)). Let w = i + 55. List the prime factors of w.
37
Suppose 678 = 5*d + 3*o, -5*o + 285 + 385 = 5*d. What are the prime factors of d?
2, 3, 23
Suppose 6*h = 2*h + 8. Let m(g) = -g**3 + 4*g**2 - 4*g + 2. Let l be m(h). List the prime factors of (l*-1)/1*-4.
2
Let q = 155 + -105. List the prime factors of q.
2, 5
Let d = 11 - 13. Suppose -4*b + 21 + 27 = -4*c, 5*b + 44 = -3*c. List the prime factors of (-2 - c) + 1 + d.
2, 5
Suppose 0 = -2*t + s + 272 + 229, -756 = -3*t - 3*s. List the prime factors of t.
251
Suppose -1565 = -10*i + 1035. List the prime factors of i.
2, 5, 13
Let m be (-3 + 8)/(2/10). Suppose 3*z = -0*z - 4*o + m, -3*z + 16 = -5*o. Let t(u) = -u**3 + 7*u**2 + 3. List the prime factors of t(z).
3
Suppose 4 - 1 = c. List the prime factors of (8/(-3))/((-1)/c).
2
Suppose 0 = -13*p + 10*p + 315. List the prime factors of ((-4)/10)/((-1)/p).
2, 3, 7
List the prime factors of 4 - (-4 - 16)/4.
3
Suppose -5 = -l - 1. Suppose -24 = -2*y - l*p, -y - p + 20 = 3*y. Suppose 15 = y*o - 29. List the prime factors of o.
11
Suppose 21*w - 3452 - 685 = 0. What are the prime factors of w?
197
Let f be 29/4 + (-12)/(-16). Let j = f + 7. Suppose -2*u = u - j. List the prime factors of u.
5
Suppose 0 = -z + 4, 3*x + 301 = -5*z + 852. What are the prime factors of x?
3, 59
Let j = 20 - 17. Let y be 0/(1 - (1 - 1)). Let c = j + y. List the prime factors of c.
3
Let d be (6/(-9))/(2/(-3)). Suppose -k - 2*v = 7, 2*k = 4*k - 2*v - 10. List the prime factors of (d/k)/(1/8).
2
Let a(c) = c + 1. Let q(v) = -6*v - 5. Let y(n) = 5*a(n) + q(n). Let i be y(-2). Suppose i*g - 60 = -3*g. List the prime factors of g.
2, 3
Let u be 6 - 2 - (-1)/1. Suppose -2*c = 5*f + u, -f - 18 = f + 4*c. Let m = 1 + f. What are the prime factors of m?
2
Suppose -4*t - o + 22 + 56 = 0, 0 = 5*t - 3*o - 106. Suppose 5*f - t - 80 = 0. List the prime factors of f.
2, 5
Suppose 0 = -27*r + 32*r - 495. List the prime factors of r.
3, 11
Let h(m) = 4*m. Let j be h(1). Suppose -4 = -4*o - j*d + 4, 3*o - 14 = 5*d. Let p = o - -7. List the prime factors of p.
2, 5
Suppose c = -4*f - 2*c + 803, 4*f + c = 801. What are the prime factors of f?
2, 5
Let l be (-2 - 1)/3 - -3. Let t = -11 - -27. Suppose 4*m - t = l*m. What are the prime factors of m?
2
Suppose -127 = -4*h - 39. What are the prime factors of h?
2, 11
Let j = 368 + -135. List the prime factors of j.
233
Let y(p) = -5*p + 12. What are the prime factors of y(-3)?
3
Let k = 24 - -1. List the prime factors of k.
5
List the prime factors of (2060/25)/((-2)/(-5)).
2, 103
Let w = 234 - -19. What are the prime factors of w?
11, 23
Suppose -9 = -2*k + 17. Suppose 2*t = 5*j + 3, 2*t - k = -0*t + 3*j. Suppose -7 - t = -3*m. What are the prime factors of m?
7
Let k = 10 + -7. Let x = k - 4. List the prime factors of 5 - x/((-1)/(-2)).
7
Let q(w) be the second derivative of 0*w**4 - 3/2*w**2 + 0 - w + 1/20*w**5 + 1/3*w**3. What are the prime factors of q(2)?
3
Suppose 3*a - 459 = 3*k, 3*a - k + 6*k - 435 = 0. List the prime factors of a.
2, 3, 5
Let q(g) = -56*g + 1. What are the prime factors of q(-1)?
3, 19
Let u = 4 + 1. Suppose 5*l - 5*r = 107 + 3, u*l + 4*r - 74 = 0. What are the prime factors of l?
2, 3
Suppose -m = -5*h - 55, m - 2*h = 88 - 18. Suppose n + 99 = 5*t, 4*t + 5*n = 5 + m. What are the prime factors of t?
2, 5
Let n(h) = -h - 10. Let v be n(-9). Let i = 3 - v. List the prime factors of ((-2)/(-1))/(i/26).
13
Let f(s) = 8*s - 15. What are the prime factors of f(7)?
41
Let r = 28 + 62. List the prime factors of r.
2, 3, 5
What are the prime factors of 1475/5*(-1 + 2)?
5, 59
Let b(o) be the second derivative of o**5/20 - 7*o**4/12 - o**3 - 9*o**2/2 - 2*o. Let w be b(8). Let j(c) = 2*c - 4. What are the prime factors of j(w)?
2, 5
Let r = 102 - 28. List the prime factors of r.
2, 37
Suppose -5*z = -5*j - 5, -35 = -3*z + 2*j - 7*j. Suppose -4*c + 3 = l, -15 = -2*l - 3*l + z*c. What are the prime factors of l?
3
Suppose 3*p - 30 = -5*k + 2*p, 0 = -3*k + 5*p - 10. Let j(f) = 12*f - 7. Let c be j(k). Suppose -c = -4*h - 9. List the prime factors of h.
11
Let m(a) = a**2 + 9*a + 1. Let u be m(-9). Suppose l + u = 4. What are the prime factors of l?
3
Let u(n) = -n**2 + 12*n + 4. Let s be u(12). What are the prime factors of (3/s)/((-1)/(-20))?
3, 5
Let d(b) = -b**2 + 12*b - 7. Let p be d(9). Let s be ((-6)/15)/((-2)/p). Suppose s*l = -y + 35, -y - 4*y + 22 = 3*l. List the prime factors of l.
3
Let r(l) = 1 + 0*l**2 + 1 + 8*l + 4*l + l**2. List the prime factors of r(-13).
3, 5
Let c(k) = 1 + 6*k**2 + 60*k**3 - 59*k**3 - 3*k + 4*k. What are the prime factors of c(-4)?
29
Let b(l) = l + 3 + 3*l**2 - 2*l**2 - 1. List the prime factors of b(3).
2, 7
What are the prime factors of 3/18*2 + (-7416)/(-27)?
5, 11
Let q(d) = -d**2 - d. Let b(l) = -l**3 + 2*l**2 + 2*l + 10. Let p(t) = b(t) + 3*q(t). What are the prime factors of p(0)?
2, 5
Let f(d) = 3*d - 1. Let n be f(2). Let b = n + 2. List the prime factors of b.
7
Let p = 59 - 110. What are the prime factors of p/(-2)*16/24?
17
Suppose -3*l + 5*c + 173 = 0, l + 4*c - 31 = -c. What are the prime factors of l?
3, 17
Let r be (6/(-12))/((-2)/24). Suppose 2*a - r*a = -32. List the prime factors of a.
2
Suppose 4*p = 5*h - 32, -4*h - 3*p + 0*p + 7 = 0. Suppose -h*s + 69 + 139 = 0. List the prime factors of s.
2, 13
Suppose 2*z - 224 = -62. List the prime factors of z.
3
Let v = -189 - -350. List the prime factors of v.
7, 23
Let f = 17 - 10. List the prime factors of f.
7
Suppose 2*o = 7*o - 5. Let l = o - -1. Suppose 0 = l*j - 18 - 0. List the prime factors of j.
3
Suppose -2*u + 7*u = 185. What are the prime factors of u?
37
Let t(v) = -v + 4. Let b be t(2). Let r(i) = i**3 - 2*i**2 + i - 3. Let y be r(3). Let x = y - b. List the prime factors of x.
7
List the prime factors of 22/1 - (6 - 9).
5
Let n = 48 -